- 3. Let u be j(-6). Suppose 2*b - u = 109. Is b composite?
True
Let q(l) = -l**2 - l + 43. Let x = -7 - -7. Let a be q(x). Suppose 0 = 2*w - 2*o - 56, -w = o + o - a. Is w a prime number?
False
Let y(z) = -z**3 + 8*z**2 + 11*z - 12. Let i be y(9). Suppose 2*j = i, -5*l - 3*j = -415 - 139. Is l composite?
False
Suppose 6*k = 2*k + 24. Let l = -3 + k. Is l prime?
True
Let o = -334 + 1223. Is o a prime number?
False
Suppose -3*q + 15 = 0, b - 3*b = 2*q - 578. Suppose -2*y - 56 = -b. Let g = y + -67. Is g prime?
True
Let t(w) = 4*w - 3 + 4 + 2*w**2 - w**3 + 2. Let s be t(4). Let d = 19 + s. Is d a composite number?
True
Let w be 61/4 - 4/16. Suppose k = -0*k + w. Is k a prime number?
False
Let u(x) = x**3 + 8*x**2 - 9*x - 1. Let m be u(-9). Let p be 4/m*6/(-24). Is p/(-3) - 290/(-15) composite?
False
Suppose 0*w + w = 0. Suppose -2*s - 31 = -w*r - r, s + 124 = 4*r. Is r a composite number?
False
Let b(o) = 5*o + 11. Let v(f) = -9*f - 22. Let w(i) = 5*b(i) + 2*v(i). Is w(8) a composite number?
False
Suppose w - 2*t + 10 = 0, -t + 0*t = 5*w + 6. Is (w/3)/((-2)/327) a prime number?
True
Suppose -21 = -5*q + 4*q. Is q composite?
True
Is -2 - -1 - -48*28 composite?
True
Let x(s) = -s**3 + 8*s**2 - s + 8. Let p be x(8). Suppose -3*u - 4*y + 2*y - 32 = p, 0 = 5*u - 3*y + 47. Is (u*(-2)/2)/1 a prime number?
False
Suppose -66 = -j + 4. Let u = j + -23. Is u a composite number?
False
Is 2/(404/403 - 1) + -3 prime?
False
Let w = -262 + 475. Is w composite?
True
Suppose 0 = -2*n + t - 95, -3*t - 70 = 4*n + 105. Let d(g) = -4*g**3 - 3*g**2 + 5*g + 2. Let r be d(-3). Let w = n + r. Is w composite?
True
Suppose -v - 4*v = -20. Suppose -3*t - 5*l + 16 = 0, -v*t - 2*l = l - 36. Is t/(-4) - (0 + -49) composite?
True
Suppose 3*z - 404 = -47. Is z composite?
True
Let u(c) = c**3 - 6*c**2 + 4*c + 7. Let b be u(5). Let r(a) = 2*a**2 + 3*a - 5. Let p be r(4). Suppose -3*l = -5*i - 60, b*l - 3*i - p = -0*i. Is l prime?
False
Let k(s) = 75*s - 11. Is k(12) prime?
False
Suppose -5*b - 4*d = 5, b - 4*d - 27 + 4 = 0. Suppose -1434 = b*a - 6*a. Is a composite?
True
Let x be (-2)/6 - (-13)/3. Let w be ((-14)/6)/(3/(-765)). Suppose -x*k = k - w. Is k a prime number?
False
Let m = -21 + 21. Suppose 13*h - 11*h - 762 = m. Is h a prime number?
False
Suppose -39 + 0 = -3*v. Suppose -h + 20 = -v. Is h composite?
True
Let n(m) = 14*m**2 - 7*m - 4. Is n(-3) composite?
True
Suppose 4*k = 5*y + 30, -3*y = 2*y + 4*k + 30. Let s(b) = -2*b**3 - 6*b**2 + 2*b - 1. Is s(y) prime?
False
Let t = 2569 - 66. Is t a composite number?
False
Suppose s - k = 1394, s - 7010 = -4*s - 3*k. Is s a prime number?
True
Let t(w) = 8*w**3 + 11*w**2 - 23*w - 20. Let h(m) = -3*m**3 - 4*m**2 + 8*m + 7. Let i(q) = -17*h(q) - 6*t(q). Let y be i(-1). Is y/8 + 37/4 a composite number?
True
Let y be ((-8)/10)/(18/135). Let v(p) be the third derivative of -p**4/3 + p**3/6 + p**2. Is v(y) prime?
False
Suppose 0 = -4*o - w + 29, -25 = -5*o + 4*w + 6. Suppose -3*t - o = 4*c, -2*t + c = 5*c + 10. Suppose -2*b - t*b = -175. Is b composite?
True
Let x(n) be the second derivative of -n**5/20 - 5*n**4/6 + 11*n**3/6 - 7*n**2/2 - 6*n. Is x(-12) a prime number?
True
Let g be 794/4 + (-15)/(-30). Suppose 5*s + g = 834. Is s a prime number?
True
Suppose -3*f + 2*q + 17 = -2*q, 0 = -2*f - 5*q + 42. Is f a prime number?
True
Let b(k) = -k**3 + 2*k**2 + 3*k + 4. Let g be (0 - -1)/(5/15). Let p be b(g). Suppose 57 = p*h - h. Is h prime?
True
Let o be (-70)/1*10/20. Is (-14)/o + (-263)/(-5) prime?
True
Let i(d) be the second derivative of 7*d**5/20 - d**4/3 - d**3/3 + 5*d**2/2 + 8*d. Is i(4) composite?
True
Suppose -5*d + 5 = i, -3*i - 5*d = 2*i - 85. Let m = i - -3. Is m a prime number?
True
Let x(l) = 5*l**2 - 4*l + 25. Is x(-14) composite?
False
Let a(s) = s**3 + s**2 - s + 153. Suppose -2*g + g = 0. Let f be a(g). Suppose 4*h = 1181 - f. Is h a composite number?
False
Suppose -m = 3*t + 243 - 3185, -2*t + 2*m + 1948 = 0. Is t a prime number?
False
Let k = -11 - -32. Is k a composite number?
True
Let y(i) = i**3 + 7*i**2 + 6*i. Let n be y(-6). Suppose 155 = 2*c + 3*r, 5*c + 0*r + 2*r - 404 = n. Is c prime?
False
Let a = -1 + 5. Suppose a*p - 88 = 60. Is p a composite number?
False
Suppose -3*t - 4*j = -5317, j + 211 - 3754 = -2*t. Suppose -5*y - 401 = -t. Is y prime?
False
Let l = 3231 + -1840. Is l prime?
False
Let j = 350 - 223. Is j composite?
False
Suppose -3*o + 5*o = 218. Is o composite?
False
Suppose 4*h + 2 = 3*h. Let z = h - -9. Is z composite?
False
Suppose -4*n - 4*d + 4 = 0, 0*d - d + 1 = -n. Suppose n = -4*l + 4*o - 12, 2*l + 5*o - 29 = -0*o. Is (-13128)/(-88) - l/11 a composite number?
False
Let f be 3*((0 - 4) + 5). Suppose -f*h = -7*h + 172. Is h prime?
True
Suppose -v + 27 - 2 = 0. Suppose -84 = -p + 3*p. Let l = v - p. Is l composite?
False
Suppose 0 = -4*z + 3*q + 838, -q + 5 - 3 = 0. Is 3/6*2*z prime?
True
Let t be (-10)/(-2) - (4 - 3). Suppose -4*a + 2*m + 7 + 11 = 0, 15 = t*a - 5*m. Suppose -u - 25 = -2*f, 45 = f + f - a*u. Is f prime?
False
Suppose 0*f = -f - 61. Suppose -2*n - 188 = 2*t, -5*n - 476 = 5*t - 3*t. Let x = f - n. Is x a composite number?
True
Is (3587/(-68))/(1/(-4)) a composite number?
False
Let z = 15 - 11. Suppose 0 = -z*s + 3*s + 12. Suppose -j - s + 65 = 0. Is j prime?
True
Suppose -2*r + 0*v + 59 = -3*v, -3*v = r - 7. Let l = -12 + r. Is l prime?
False
Suppose -261 = -2*c + 161. Is c a composite number?
False
Let v be (8/(-6))/(2/(-21)). Let p be v/8 - (-1)/4. Suppose 0*u + p*u - 3*r = 26, u - 14 = 2*r. Is u prime?
False
Let z(u) = -u - 4. Let q be z(-8). Let x = q - 1. Is x composite?
False
Suppose 4*j = -5*w + 1876, -3*w - 480 = -j - 7*w. Is (-1)/1 + -5 + j composite?
True
Let p = -25 + 106. Suppose p = o + 2. Is o prime?
True
Is 6*(-2)/16 - 9902/(-8) prime?
True
Let b = -471 + 704. Is b a composite number?
False
Is (-648)/(-7) + 3/7 + 0 prime?
False
Suppose z - 5*t - 547 = 0, 3*z - 3*t - 1374 - 291 = 0. Is z prime?
True
Let t(y) = 4*y**2 + 2*y + 2. Let h be t(-2). Suppose l = -0*l + h. Is l composite?
True
Suppose 16 = -p + 5*p. Suppose 48 = 5*x - p*x. Suppose 4*a = x + 28. Is a a composite number?
False
Suppose 0 = o + 3*o - 32. Suppose -5*a + a + o = 0. Suppose -5*c = 4*b - 23, a*c = 4*b + 27 - 1. Is c prime?
True
Suppose 0*x + 3*j + 16798 = 5*x, 3*x - 10079 = 2*j. Is x composite?
False
Suppose 6 = 3*v - v. Let f be 109 - 3/(-6)*-4. Suppose f - 2 = v*c. Is c composite?
True
Let a = -57 - -206. Is a a composite number?
False
Let l(y) = y + 4 - 4 + 26*y**3. Let j be l(1). Let r = 46 - j. Is r a prime number?
True
Suppose 0 = -4*j + 3*l - 43, j + 3*l - 18 = -2*l. Let q(y) be the third derivative of y**5/20 + y**4/24 + 3*y**3/2 - y**2. Is q(j) composite?
False
Suppose -c + 2 = -2. Suppose 2*a = -a + 2*g, 0 = c*a - 3*g. Is a - (-1 - 24 - 0) prime?
False
Let i(q) = 3*q**2 + 3*q. Let d be i(-6). Let w = d + -20. Suppose 0 = -2*r - 3*r + w. Is r prime?
False
Let z = 185 + -131. Let g(f) = -f**2 + f + 113. Let y be g(0). Let h = y - z. Is h a composite number?
False
Is (-1041)/9*(-15)/5 prime?
True
Suppose 0 = -4*y + 2*f - f + 10, 0 = -f + 2. Let n(u) = -u**3 + 4*u**2 + 1. Let h be n(y). Is (h/3)/(4/42) composite?
True
Let f be (-5322)/(-4) - 10/(-20). Suppose 5*g - f = -336. Is g composite?
False
Let w(l) = 5 + 1 - 2 + 6*l**2 - 4*l**2 - 5*l. Let i be w(3). Suppose 241 = 5*z - 3*t, -3*t + 1 = i. Is z a composite number?
False
Suppose -2*d + 3*s + 8 = 2*d, 0 = 4*d + 4*s - 8. Suppose i = d*w + 5*i - 22, 3*i + 120 = 5*w. Is w prime?
False
Let n(l) be the third derivative of l**5/20 + l**4/6 - l**3/6 - 2*l**2. Let f be n(-3). Let q = f - -8. Is q a prime number?
False
Let r = 1325 - -234. Is r composite?
False
Let o = -10 - -52. Let n = o + -5. Is n a prime number?
True
Suppose 3*a + n - 3 = -3*n, 3*a = n + 3. Suppose 4*m = 307 + a. Is m prime?
False
Suppose -5*t + 23940 = -5015. Is t composite?
False
Is ((-446)/3)/((-24)/9 + 2) composite?
False
Let a = -6 + 10. Suppose -n + 4*h = 3*n - 24, 3*n = -a*h + 32. Suppose -10 = -2*l + n. Is l prime?
False
Suppose 2*t + t = 375. Let g = t - 63. Is g a prime number?
False
Let m(z) = z. Let h be m(-2). Let w be ((-8)/6 - h)*6. Suppose 39 = j - 0*j + 5*t, w*t = 16. Is j prime?
True
Suppose -3*v + 2*u - 14 = 0, 7*v - 2*v - 3*u = -22. Is 80/1 + v + 1 prim